et y(l) = -l**3 + 2*l**2 + 5*l - 4. Let d be y(3). List the prime factors of n(d).
2, 19
Let i be (80 + -2)/((-6)/(-4)). Suppose 2*y - h = 3*y + 22, -5*h = -4*y - i. Let k = 28 + y. What are the prime factors of k?
2, 5
Let w(m) = 3*m + 194. What are the prime factors of w(4)?
2, 103
What are the prime factors of (-3)/(-2)*(-5 - -22 - -2069)?
3, 7, 149
Let q = 3164 + -1192. List the prime factors of q.
2, 17, 29
Let q = 12 + -11. Let c be 26/q*1/2. Suppose -48 + c = -5*z. List the prime factors of z.
7
Let m(c) = -193*c**2 + 4*c. Let r(p) = -129*p**2 + 3*p. Let v(q) = -5*m(q) + 7*r(q). Let j = 4 - 3. What are the prime factors of v(j)?
3, 7
Suppose -2*q = -q - 3. Let r be (q/(-9))/(1/(-18)). What are the prime factors of (-64)/r*(-6)/4?
2
Let x be (-5 + 8)/3 + 17. Suppose -85*v + 88*v - x = 0. List the prime factors of v.
2, 3
Let x(r) = 3*r**2 - 2. Let i be x(2). Let o = 91 - 39. Suppose -2*d + i = -o. List the prime factors of d.
31
Let d(f) = -2*f**3 - 5*f**2 + f - 3. Let s be d(-3). Suppose s*i = -i + 848. What are the prime factors of i?
2, 53
Let h = 881 - 338. List the prime factors of h.
3, 181
Let z = -7 - -4. Let g be 1 - (-6)/3 - z. List the prime factors of 6*(-3)/g*-2.
2, 3
Let j(h) = 11*h**3 + h**2 - 3*h + 4. Suppose -10 = 3*w - 8*w. List the prime factors of j(w).
2, 3, 5
Let w(x) = -x**3 + 31*x**2 - 40*x + 30. What are the prime factors of w(25)?
2, 5, 139
Let o be (-41 - -19)/((-2)/(-11)). Let i = 27 - o. List the prime factors of i.
2, 37
Suppose m + 45 + 2 = -5*r, 0 = 5*m - 15. Let t = r - -16. Suppose -3*i + o = -15, -2*o + 4*o - t = 0. What are the prime factors of i?
2, 3
Suppose -5*z + 3*h + 9 = 0, 3*z + 5*h + 4 = -11. Suppose -3*s + 144 + 54 = z. What are the prime factors of s?
2, 3, 11
Let w(t) = -49*t + 38. Let k be w(5). Let m = -116 - k. List the prime factors of m.
7, 13
Let u(s) = 3*s**3 + 16*s**2 + 14*s + 21. Let n(k) = -4*k**3 - 15*k**2 - 14*k - 22. Let y(z) = 2*n(z) + 3*u(z). What are the prime factors of y(-17)?
2, 5, 7
Let g = 562 + -247. What are the prime factors of g?
3, 5, 7
Suppose -5*l + 3965 = 5*t + 420, -2848 = -4*t - l. List the prime factors of t.
23, 31
Let t = 84 - 86. What are the prime factors of (-3 - (-1796)/8) + t/(-4)?
2, 3, 37
Let u(t) = t**2 + 7*t + 13. Let x be u(-5). Suppose p - 2*q - 83 = 30, -x*p + q = -324. List the prime factors of p.
107
Let j(i) = -9*i - 5. Let b be j(-8). Suppose 0 = -3*c, -5*k - 92 = -3*k + c. Let g = b + k. What are the prime factors of g?
3, 7
Let j = 436 - -45. What are the prime factors of j?
13, 37
Let b(c) = -c**3 + 12*c**2 - 9*c. What are the prime factors of b(5)?
2, 5, 13
Let y be (-2)/10 + (-40)/50. What are the prime factors of (-208)/(-6) + y/(-3)?
5, 7
Let c be (-1091)/(-4) + 15/(-20). Let j = -125 + c. Suppose -2*q + j = q. What are the prime factors of q?
7
Let k(x) = x**3 - x**2 - x - 121. Let s be k(0). Let t = -66 - s. What are the prime factors of t?
5, 11
Let t be -24*((-80)/12 + 4). Let f = t + -27. Let y = f - -7. List the prime factors of y.
2, 11
Let g(i) = -3*i**3 - 6*i**3 + 19*i**3 - 4*i**3 - 3*i**2 + 3*i - 5. What are the prime factors of g(4)?
7
Let v = 20 - -48. What are the prime factors of v?
2, 17
Suppose 4*t - 3*o = -23 + 70, 3*t = -3*o + 30. Let s = t - 7. Suppose 4*r + d = 89, 3*r + s*d = d + 69. List the prime factors of r.
2, 11
Suppose -j + 1 = -1. Suppose -5*s + 20 = 5*h, 0 = j*h - 4*h + s + 5. Suppose h*t - t - 4 = 0. List the prime factors of t.
2
Let b be 3/(-6) + 1 + (-24)/(-16). Suppose b*r = 4*r - 380. List the prime factors of r.
2, 5, 19
Let g(d) = 142 - d**3 + 15 - 22. List the prime factors of g(0).
3, 5
Suppose -7*l - 2 = -16. Suppose 3 = 5*u - 4*i - l, u = 4*i - 15. What are the prime factors of u?
5
Let z(v) = 70*v - 9. Let y be z(-4). Let l = y - -590. List the prime factors of l.
7, 43
Let v be (-3)/(-2) - 9/18. Let r be 2 - v - 6/(-3). List the prime factors of ((-18)/r)/(3/(-26)).
2, 13
Let t(z) = -4*z**2 - 152*z + 15. List the prime factors of t(-12).
3, 421
Suppose -p = -4*s - 195, 975 = 5*p + 3*s + s. List the prime factors of p.
3, 5, 13
Let m(f) = f**3 - 22*f**2 + 37*f - 122. What are the prime factors of m(23)?
2, 17, 37
Let n = -52 - -63. Let a = 23 - n. List the prime factors of a.
2, 3
Let d = 645 + -627. What are the prime factors of d?
2, 3
Let x = 118 + -121. What are the prime factors of -3 + (-713 - -5)*x/9?
233
Suppose -5*g - 16 = -4*p, -4*p + 12 + 32 = 2*g. Suppose 16*a - p*a = 378. List the prime factors of a.
2, 3
Let y(k) = -4*k**2 - 10*k + 7. Let v(l) = 5*l**2 + 11*l - 6. Let a(r) = -3*v(r) - 4*y(r). Let s be a(-7). List the prime factors of (-6)/s - (-153)/45.
2
Let p(g) be the first derivative of g**4/3 + 2*g**3/3 - g**2/2 - 2*g - 1. Let u(k) be the first derivative of p(k). What are the prime factors of u(-3)?
23
Suppose -a = a - 8. Suppose -b = -15 + a. Suppose -4*h - b = -5*h. What are the prime factors of h?
11
Let w be (-4)/(-24) + (-663)/(-18). Let s = -26 + w. Let y = 8 + s. List the prime factors of y.
19
Let r = 4 + 17. Suppose -2*o = 2*u - 6, 3*u - u - 3*o = r. List the prime factors of u.
2, 3
Let f = 6790 + -978. What are the prime factors of f?
2, 1453
Suppose -4*r = 4*b - 2*r - 4950, 2*b = -4*r + 2478. What are the prime factors of b?
1237
Let v = -1 + 85. What are the prime factors of v?
2, 3, 7
Suppose -18*l - 6612 + 24918 = 0. What are the prime factors of l?
3, 113
Suppose 2*d = -2*b + 142, 3*d + 2*b - 103 = 108. Suppose 51 = 5*a - d. What are the prime factors of a?
2, 3
Suppose -2*j + 4*m = 68, -j - 3*m = -4*m + 34. Let l = j + 59. Let p = l + -6. What are the prime factors of p?
19
Suppose 2*j - 8*j = -9738. List the prime factors of j.
3, 541
Let b = -86 - 44. Let v be (-1)/2 - b/20. Let y = v - -19. What are the prime factors of y?
5
Suppose -4*p - 58 = -2*p. Let t = 44 + p. What are the prime factors of (-18)/t*(-5)/2?
3
Let l(f) be the third derivative of f**5/15 - f**4/24 + f**3/3 + f**2. Suppose 9 = 5*a + g, a - 1 - 2 = g. List the prime factors of l(a).
2
Let t be ((-8)/10)/(6/(-15)). Let v = -4 - -6. Suppose -4*z + 118 = v*o, t*z - 3*o - 19 = 28. List the prime factors of z.
2, 7
Let i(k) = 95*k**2 + 118*k - 6. List the prime factors of i(4).
2, 3, 331
Suppose -s + r + 1667 = 0, 88*s + r - 8365 = 83*s. List the prime factors of s.
2, 11, 19
Suppose -7 = 5*p - 17. Suppose -2 = 5*y + 5*i - 17, 0 = -p*y - 3*i + 9. Suppose 3*s - 5*o - 32 = y, -10 = -2*s + 2*o + 6. List the prime factors of s.
2
Let m = 789 - 304. What are the prime factors of m?
5, 97
Let n = -3 + -1. Let y be (-6)/n*12/(-9). What are the prime factors of (1 + -15)*3/y?
3, 7
Suppose 5*o - 28 - 1752 = 0. What are the prime factors of o?
2, 89
Let l = 2765 + -1054. What are the prime factors of l?
29, 59
What are the prime factors of (90/135)/((-2)/(-14541))?
37, 131
Let p = -22 - -9. Let a = 18 + p. List the prime factors of a + -1 + 0 + 0.
2
Suppose 2*i + 18 = g, 6*g - 42 = 3*g + 3*i. Suppose -4*z = -5*l + 66, 7*z - 3*z = -16. Suppose r = g + l. List the prime factors of r.
2, 5
Suppose 10*u - 40 = -0. Suppose 2*f = 4*q - 76, 26 = 5*q + 6. What are the prime factors of (-1752)/f + u/(-10)?
2, 29
Suppose -2*r - 10258 = -5*n, 33*r + 6155 = 3*n + 32*r. List the prime factors of n.
2, 3, 19
What are the prime factors of ((-1)/(6/(-4016)))/(40/60)?
2, 251
Suppose 9*q - 7023 = 1212. What are the prime factors of q?
3, 5, 61
Suppose -k - 4 = 0, 2*k = s + 3*s - 4. List the prime factors of (4 - (s + -25))/2.
3, 5
Let g(f) = f. Let v be g(12). Let c be (-7 + v)/(2 - 1). Suppose 2*u - 72 = -2*j, 0*j + c*u = 4*j - 108. What are the prime factors of j?
2
Let s(b) = b + 25. Let m be s(-11). Let y = 45 - m. List the prime factors of y.
31
Let w(a) = 32*a**3 - 3*a**2 - 113*a + 436. List the prime factors of w(4).
2, 31
Let z be (22/22)/((-2)/(-6)). What are the prime factors of (77 - -15) + (z - -1)?
2, 3
Let h(y) = -2*y**2 - 5*y + 6. Let j be h(3). Let z = 13 - j. List the prime factors of z.
2, 5
Let v(d) = 0*d - 4*d + 2*d + d**2 - 13. Suppose -105*f = -96*f + 54. What are the prime factors of v(f)?
5, 7
Let u be (-38)/(1/5*-1). Suppose -3*i + 3*a = u - 763, 211 = i + 4*a. List the prime factors of i.
3, 5, 13
Suppose -2*p + 2*a - 234 = -0*p, -2*p = 2*a + 242. List the prime factors of 30/35*(0 - p).
2